[INFO] cloning repository https://github.com/tamird/crawl
[INFO] running `Command { std: "git" "-c" "credential.helper=" "-c" "credential.helper=/workspace/cargo-home/bin/git-credential-null" "clone" "--bare" "https://github.com/tamird/crawl" "/workspace/cache/git-repos/https%3A%2F%2Fgithub.com%2Ftamird%2Fcrawl", kill_on_drop: false }`
[INFO] [stderr] Cloning into bare repository '/workspace/cache/git-repos/https%3A%2F%2Fgithub.com%2Ftamird%2Fcrawl'...
[INFO] running `Command { std: "git" "rev-parse" "HEAD", kill_on_drop: false }`
[INFO] [stdout] e33534694eb726df190716315cf8b94ebe2624fb
[INFO] checking tamird/crawl against try#72f88fc4e9458f89516a0b8b0868f3718aec5b47 for pr-74989
[INFO] running `Command { std: "git" "clone" "/workspace/cache/git-repos/https%3A%2F%2Fgithub.com%2Ftamird%2Fcrawl" "/workspace/builds/worker-9/source", kill_on_drop: false }`
[INFO] [stderr] Cloning into '/workspace/builds/worker-9/source'...
[INFO] [stderr] done.
[INFO] validating manifest of git repo https://github.com/tamird/crawl on toolchain 72f88fc4e9458f89516a0b8b0868f3718aec5b47
[INFO] running `Command { std: "/workspace/cargo-home/bin/cargo" "+72f88fc4e9458f89516a0b8b0868f3718aec5b47" "read-manifest" "--manifest-path" "Cargo.toml", kill_on_drop: false }`
[INFO] started tweaking git repo https://github.com/tamird/crawl
[INFO] finished tweaking git repo https://github.com/tamird/crawl
[INFO] tweaked toml for git repo https://github.com/tamird/crawl written to /workspace/builds/worker-9/source/Cargo.toml
[INFO] crate git repo https://github.com/tamird/crawl already has a lockfile, it will not be regenerated
[INFO] running `Command { std: "/workspace/cargo-home/bin/cargo" "+72f88fc4e9458f89516a0b8b0868f3718aec5b47" "fetch" "--locked" "--manifest-path" "Cargo.toml", kill_on_drop: false }`
[INFO] [stderr] error: the lock file /workspace/builds/worker-9/source/Cargo.lock needs to be updated but --locked was passed to prevent this
[INFO] [stderr] If you want to try to generate the lock file without accessing the network, use the --offline flag.
[INFO] the lockfile is outdated, regenerating it
[INFO] running `Command { std: "/workspace/cargo-home/bin/cargo" "+72f88fc4e9458f89516a0b8b0868f3718aec5b47" "generate-lockfile" "--manifest-path" "Cargo.toml" "-Zno-index-update", kill_on_drop: false }`
[INFO] running `Command { std: "/workspace/cargo-home/bin/cargo" "+72f88fc4e9458f89516a0b8b0868f3718aec5b47" "fetch" "--locked" "--manifest-path" "Cargo.toml", kill_on_drop: false }`
[INFO] running `Command { std: "docker" "create" "-v" "/var/lib/crater-agent-workspace/builds/worker-9/target:/opt/rustwide/target:rw,Z" "-v" "/var/lib/crater-agent-workspace/builds/worker-9/source:/opt/rustwide/workdir:ro,Z" "-v" "/var/lib/crater-agent-workspace/cargo-home:/opt/rustwide/cargo-home:ro,Z" "-v" "/var/lib/crater-agent-workspace/rustup-home:/opt/rustwide/rustup-home:ro,Z" "-e" "SOURCE_DIR=/opt/rustwide/workdir" "-e" "CARGO_TARGET_DIR=/opt/rustwide/target" "-e" "CARGO_HOME=/opt/rustwide/cargo-home" "-e" "RUSTUP_HOME=/opt/rustwide/rustup-home" "-w" "/opt/rustwide/workdir" "-m" "1610612736" "--user" "0:0" "--network" "none" "rustops/crates-build-env@sha256:d92eaeed33fa75130ca1ee6c8a01d1ffb62bac859dfdfb3450e3e5d1c0146529" "/opt/rustwide/cargo-home/bin/cargo" "+72f88fc4e9458f89516a0b8b0868f3718aec5b47" "metadata" "--no-deps" "--format-version=1", kill_on_drop: false }`
[INFO] [stderr] WARNING: Your kernel does not support swap limit capabilities or the cgroup is not mounted. Memory limited without swap.
[INFO] [stdout] 63ed8cbb06c1a7ddd8522ebafce4bb4b5502395feef0ec770ff1fcde2107a901
[INFO] running `Command { std: "docker" "start" "-a" "63ed8cbb06c1a7ddd8522ebafce4bb4b5502395feef0ec770ff1fcde2107a901", kill_on_drop: false }`
[INFO] running `Command { std: "docker" "inspect" "63ed8cbb06c1a7ddd8522ebafce4bb4b5502395feef0ec770ff1fcde2107a901", kill_on_drop: false }`
[INFO] running `Command { std: "docker" "rm" "-f" "63ed8cbb06c1a7ddd8522ebafce4bb4b5502395feef0ec770ff1fcde2107a901", kill_on_drop: false }`
[INFO] [stdout] 63ed8cbb06c1a7ddd8522ebafce4bb4b5502395feef0ec770ff1fcde2107a901
[INFO] running `Command { std: "docker" "create" "-v" "/var/lib/crater-agent-workspace/builds/worker-9/target:/opt/rustwide/target:rw,Z" "-v" "/var/lib/crater-agent-workspace/builds/worker-9/source:/opt/rustwide/workdir:ro,Z" "-v" "/var/lib/crater-agent-workspace/cargo-home:/opt/rustwide/cargo-home:ro,Z" "-v" "/var/lib/crater-agent-workspace/rustup-home:/opt/rustwide/rustup-home:ro,Z" "-e" "SOURCE_DIR=/opt/rustwide/workdir" "-e" "CARGO_TARGET_DIR=/opt/rustwide/target" "-e" "CARGO_INCREMENTAL=0" "-e" "RUST_BACKTRACE=full" "-e" "RUSTFLAGS=--cap-lints=forbid" "-e" "CARGO_HOME=/opt/rustwide/cargo-home" "-e" "RUSTUP_HOME=/opt/rustwide/rustup-home" "-w" "/opt/rustwide/workdir" "-m" "1610612736" "--user" "0:0" "--network" "none" "rustops/crates-build-env@sha256:d92eaeed33fa75130ca1ee6c8a01d1ffb62bac859dfdfb3450e3e5d1c0146529" "/opt/rustwide/cargo-home/bin/cargo" "+72f88fc4e9458f89516a0b8b0868f3718aec5b47" "check" "--frozen" "--all" "--all-targets" "--message-format=json", kill_on_drop: false }`
[INFO] [stdout] 319c709f168f5a08a1bb7cab4e784f622d18afdbefe5e9cbfd889bc8efc416ff
[INFO] [stderr] WARNING: Your kernel does not support swap limit capabilities or the cgroup is not mounted. Memory limited without swap.
[INFO] running `Command { std: "docker" "start" "-a" "319c709f168f5a08a1bb7cab4e784f622d18afdbefe5e9cbfd889bc8efc416ff", kill_on_drop: false }`
[INFO] [stderr]    Compiling libc v0.2.77
[INFO] [stderr]    Compiling log v0.4.11
[INFO] [stderr]     Checking atty v0.2.14
[INFO] [stderr]     Checking env_logger v0.7.1
[INFO] [stderr]     Checking crawl v0.0.1 (/opt/rustwide/workdir)
[INFO] [stdout] error[E0425]: cannot find function `scoped` in module `thread`
[INFO] [stdout]   --> src/main.rs:57:21
[INFO] [stdout]    |
[INFO] [stdout] 57 |             thread::scoped(move || {
[INFO] [stdout]    |                     ^^^^^^ not found in `thread`
[INFO] [stdout] 
[INFO] [stdout] 
[INFO] [stdout] warning: use of deprecated function `std::thread::sleep_ms`: replaced by `std::thread::sleep`
[INFO] [stdout]   --> src/main.rs:31:5
[INFO] [stdout]    |
[INFO] [stdout] 31 |     thread::sleep_ms(3000);
[INFO] [stdout]    |     ^^^^^^^^^^^^^^^^
[INFO] [stdout]    |
[INFO] [stdout]    = note: `#[warn(deprecated)]` on by default
[INFO] [stdout] 
[INFO] [stdout] 
[INFO] [stdout] error[E0425]: cannot find function `scoped` in module `thread`
[INFO] [stdout]   --> src/main.rs:57:21
[INFO] [stdout]    |
[INFO] [stdout] 57 |             thread::scoped(move || {
[INFO] [stdout]    |                     ^^^^^^ not found in `thread`
[INFO] [stdout] 
[INFO] [stdout] 
[INFO] [stdout] warning: use of deprecated function `std::thread::sleep_ms`: replaced by `std::thread::sleep`
[INFO] [stdout]   --> src/main.rs:31:5
[INFO] [stdout]    |
[INFO] [stdout] 31 |     thread::sleep_ms(3000);
[INFO] [stdout]    |     ^^^^^^^^^^^^^^^^
[INFO] [stdout]    |
[INFO] [stdout]    = note: `#[warn(deprecated)]` on by default
[INFO] [stdout] 
[INFO] [stdout] 
[INFO] [stdout] error[E0599]: no method named `unwrap` found for unit type `()` in the current scope
[INFO] [stdout]    --> src/main.rs:112:24
[INFO] [stdout]     |
[INFO] [stdout] 112 |     env_logger::init().unwrap();
[INFO] [stdout]     |                        ^^^^^^ method not found in `()`
[INFO] [stdout] 
[INFO] [stdout] 
[INFO] [stdout] error[E0599]: no method named `unwrap` found for unit type `()` in the current scope
[INFO] [stdout]    --> src/main.rs:112:24
[INFO] [stdout]     |
[INFO] [stdout] 112 |     env_logger::init().unwrap();
[INFO] [stdout]     |                        ^^^^^^ method not found in `()`
[INFO] [stdout] 
[INFO] [stdout] 
[INFO] [stdout] error: aborting due to 2 previous errors; 1 warning emitted
[INFO] [stdout] 
[INFO] [stdout] 
[INFO] [stdout] Some errors have detailed explanations: E0425, E0599.
[INFO] [stdout] 
[INFO] [stdout] For more information about an error, try `rustc --explain E0425`.
[INFO] [stdout] 
[INFO] [stdout] error: aborting due to 2 previous errors; 1 warning emitted
[INFO] [stdout] 
[INFO] [stdout] 
[INFO] [stderr] error: could not compile `crawl`.
[INFO] [stdout] Some errors have detailed explanations: E0425, E0599.
[INFO] [stdout] 
[INFO] [stderr] 
[INFO] [stdout] For more information about an error, try `rustc --explain E0425`.
[INFO] [stdout] 
[INFO] [stderr] To learn more, run the command again with --verbose.
[INFO] [stderr] warning: build failed, waiting for other jobs to finish...
[INFO] [stderr] error: build failed
[INFO] running `Command { std: "docker" "inspect" "319c709f168f5a08a1bb7cab4e784f622d18afdbefe5e9cbfd889bc8efc416ff", kill_on_drop: false }`
[INFO] running `Command { std: "docker" "rm" "-f" "319c709f168f5a08a1bb7cab4e784f622d18afdbefe5e9cbfd889bc8efc416ff", kill_on_drop: false }`
[INFO] [stdout] 319c709f168f5a08a1bb7cab4e784f622d18afdbefe5e9cbfd889bc8efc416ff
